{"id":4786,"date":"2026-02-26T17:45:16","date_gmt":"2026-02-26T17:45:16","guid":{"rendered":"https:\/\/herramientasdetaller.cl\/?post_type=product&#038;p=4786"},"modified":"2026-02-26T17:45:16","modified_gmt":"2026-02-26T17:45:16","slug":"linterna-de-cabeza-recargable-480lm","status":"publish","type":"product","link":"https:\/\/herramientasdetaller.cl\/index.php\/product\/linterna-de-cabeza-recargable-480lm\/","title":{"rendered":"linterna de cabeza recargable 480LM"},"content":{"rendered":"<ul>\n<li><span dir=\"auto\">Material: Aluminio, ABS<\/span><\/li>\n<li><span dir=\"auto\">Diadema el\u00e1stica, ajustable y transpirable.<\/span><\/li>\n<li><span dir=\"auto\">\u00c1ngulo de faro ajustable: 4 niveles (m\u00e1ximo 60 grados)<\/span><\/li>\n<li><span dir=\"auto\">.Posibilidad de separar el faro de la diadema.<\/span><\/li>\n<li><span dir=\"auto\">Base magn\u00e9tica (se puede utilizar como foco)<\/span><\/li>\n<li><span dir=\"auto\">Fosforescencia &#8211; perimetral alrededor de los ojos &#8211; brilla en la oscuridad durante varias decenas de minutos con luz propia despu\u00e9s de la exposici\u00f3n.<\/span><\/li>\n<li><span dir=\"auto\">Indicador de bater\u00eda: 30-100 % de bater\u00eda (luz verde), 5-30 % de bater\u00eda (luz roja), menos del 5 % de bater\u00eda (luz roja intermitente)<\/span><\/li>\n<li><span dir=\"auto\">Sensor de movimiento<\/span><\/li>\n<li><span dir=\"auto\">Impermeable a IP54<\/span><\/li>\n<li><span dir=\"auto\">Resistencia a ca\u00eddas: 1m<\/span><\/li>\n<li><span dir=\"auto\">Tama\u00f1o: 65 x 39 x 38 mm<\/span><\/li>\n<li><span dir=\"auto\">Peso: 73g<\/span><\/li>\n<\/ul>\n","protected":false},"excerpt":{"rendered":"<p><img loading=\"lazy\" decoding=\"async\" class=\"alignnone  wp-image-2196\" src=\"https:\/\/herramientasdetaller.cl\/wp-content\/uploads\/2021\/09\/YATO-300x263.jpg\" alt=\"\" width=\"160\" height=\"140\" srcset=\"https:\/\/herramientasdetaller.cl\/wp-content\/uploads\/2021\/09\/YATO-300x263.jpg 300w, https:\/\/herramientasdetaller.cl\/wp-content\/uploads\/2021\/09\/YATO-510x446.jpg 510w, https:\/\/herramientasdetaller.cl\/wp-content\/uploads\/2021\/09\/YATO-64x56.jpg 64w, https:\/\/herramientasdetaller.cl\/wp-content\/uploads\/2021\/09\/YATO-400x350.jpg 400w, https:\/\/herramientasdetaller.cl\/wp-content\/uploads\/2021\/09\/YATO-600x525.jpg 600w, https:\/\/herramientasdetaller.cl\/wp-content\/uploads\/2021\/09\/YATO.jpg 640w\" sizes=\"auto, (max-width: 160px) 100vw, 160px\" \/><\/p>\n","protected":false},"featured_media":4787,"comment_status":"open","ping_status":"closed","template":"","meta":{"_joinchat":[]},"product_brand":[],"product_cat":[108,403],"product_tag":[455,170,1025,1026],"class_list":{"0":"post-4786","1":"product","2":"type-product","3":"status-publish","4":"has-post-thumbnail","6":"product_cat-herramientas-manuales","7":"product_cat-yato","8":"product_tag-linterna","9":"product_tag-yato","10":"product_tag-yt-08592","11":"product_tag-yt08592","13":"first","14":"instock","15":"shipping-taxable","16":"purchasable","17":"product-type-simple"},"_links":{"self":[{"href":"https:\/\/herramientasdetaller.cl\/index.php\/wp-json\/wp\/v2\/product\/4786","targetHints":{"allow":["GET"]}}],"collection":[{"href":"https:\/\/herramientasdetaller.cl\/index.php\/wp-json\/wp\/v2\/product"}],"about":[{"href":"https:\/\/herramientasdetaller.cl\/index.php\/wp-json\/wp\/v2\/types\/product"}],"replies":[{"embeddable":true,"href":"https:\/\/herramientasdetaller.cl\/index.php\/wp-json\/wp\/v2\/comments?post=4786"}],"wp:featuredmedia":[{"embeddable":true,"href":"https:\/\/herramientasdetaller.cl\/index.php\/wp-json\/wp\/v2\/media\/4787"}],"wp:attachment":[{"href":"https:\/\/herramientasdetaller.cl\/index.php\/wp-json\/wp\/v2\/media?parent=4786"}],"wp:term":[{"taxonomy":"product_brand","embeddable":true,"href":"https:\/\/herramientasdetaller.cl\/index.php\/wp-json\/wp\/v2\/product_brand?post=4786"},{"taxonomy":"product_cat","embeddable":true,"href":"https:\/\/herramientasdetaller.cl\/index.php\/wp-json\/wp\/v2\/product_cat?post=4786"},{"taxonomy":"product_tag","embeddable":true,"href":"https:\/\/herramientasdetaller.cl\/index.php\/wp-json\/wp\/v2\/product_tag?post=4786"}],"curies":[{"name":"wp","href":"https:\/\/api.w.org\/{rel}","templated":true}]}}