{"id":5020,"date":"2026-03-02T18:15:21","date_gmt":"2026-03-02T18:15:21","guid":{"rendered":"https:\/\/herramientasdetaller.cl\/?post_type=product&#038;p=5020"},"modified":"2026-03-02T18:15:21","modified_gmt":"2026-03-02T18:15:21","slug":"alicate-corte-diagonal-75-190mm","status":"publish","type":"product","link":"https:\/\/herramientasdetaller.cl\/index.php\/product\/alicate-corte-diagonal-75-190mm\/","title":{"rendered":"alicate corte diagonal 7,5 190MM"},"content":{"rendered":"<ul class=\"frame-desc-text body-small\">\n<li>Agarre c\u00f3modo y seguro gracias al mango ergon\u00f3mico de tres componentes<\/li>\n<li>Hechas de acero aleado de alta calidad CrV55 para m\u00e1xima resistencia y resistencia a da\u00f1os<\/li>\n<li>Dureza \u00f3ptima de los bordes de corte (44-50 HRC) garantizando una nitidez duradera y eficacia de corte<\/li>\n<li>Mand\u00edbulas templadas por inducci\u00f3n (58-62 HRC) que proporcionan una excepcional dureza y precisi\u00f3n en el mecanizado<\/li>\n<li>Cumplen con la estricta norma DIN5746, confirmando los m\u00e1s altos est\u00e1ndares de calidad y seguridad<\/li>\n<li>Aplicaci\u00f3n universal en la industria y otras tareas exigentes<\/li>\n<li>Longitud \u00f3ptima de 190 mm para un alcance y maniobrabilidad perfectos de la herramienta<\/li>\n<li>Cabeza rectificada para un aspecto preciso y una funcionalidad mejorada<\/li>\n<\/ul>\n","protected":false},"excerpt":{"rendered":"<p><img loading=\"lazy\" decoding=\"async\" class=\"alignnone  wp-image-2196\" src=\"https:\/\/herramientasdetaller.cl\/wp-content\/uploads\/2021\/09\/YATO-300x263.jpg\" alt=\"\" width=\"160\" height=\"140\" srcset=\"https:\/\/herramientasdetaller.cl\/wp-content\/uploads\/2021\/09\/YATO-300x263.jpg 300w, https:\/\/herramientasdetaller.cl\/wp-content\/uploads\/2021\/09\/YATO-510x446.jpg 510w, https:\/\/herramientasdetaller.cl\/wp-content\/uploads\/2021\/09\/YATO-64x56.jpg 64w, https:\/\/herramientasdetaller.cl\/wp-content\/uploads\/2021\/09\/YATO-400x350.jpg 400w, https:\/\/herramientasdetaller.cl\/wp-content\/uploads\/2021\/09\/YATO-600x525.jpg 600w, https:\/\/herramientasdetaller.cl\/wp-content\/uploads\/2021\/09\/YATO.jpg 640w\" sizes=\"auto, (max-width: 160px) 100vw, 160px\" \/><\/p>\n","protected":false},"featured_media":5021,"comment_status":"open","ping_status":"closed","template":"","meta":{"_joinchat":[]},"product_brand":[],"product_cat":[108,403],"product_tag":[150,170,1210,1211],"class_list":{"0":"post-5020","1":"product","2":"type-product","3":"status-publish","4":"has-post-thumbnail","6":"product_cat-herramientas-manuales","7":"product_cat-yato","8":"product_tag-alicate","9":"product_tag-yato","10":"product_tag-yt-1948","11":"product_tag-yt1948","13":"first","14":"instock","15":"shipping-taxable","16":"purchasable","17":"product-type-simple"},"_links":{"self":[{"href":"https:\/\/herramientasdetaller.cl\/index.php\/wp-json\/wp\/v2\/product\/5020","targetHints":{"allow":["GET"]}}],"collection":[{"href":"https:\/\/herramientasdetaller.cl\/index.php\/wp-json\/wp\/v2\/product"}],"about":[{"href":"https:\/\/herramientasdetaller.cl\/index.php\/wp-json\/wp\/v2\/types\/product"}],"replies":[{"embeddable":true,"href":"https:\/\/herramientasdetaller.cl\/index.php\/wp-json\/wp\/v2\/comments?post=5020"}],"wp:featuredmedia":[{"embeddable":true,"href":"https:\/\/herramientasdetaller.cl\/index.php\/wp-json\/wp\/v2\/media\/5021"}],"wp:attachment":[{"href":"https:\/\/herramientasdetaller.cl\/index.php\/wp-json\/wp\/v2\/media?parent=5020"}],"wp:term":[{"taxonomy":"product_brand","embeddable":true,"href":"https:\/\/herramientasdetaller.cl\/index.php\/wp-json\/wp\/v2\/product_brand?post=5020"},{"taxonomy":"product_cat","embeddable":true,"href":"https:\/\/herramientasdetaller.cl\/index.php\/wp-json\/wp\/v2\/product_cat?post=5020"},{"taxonomy":"product_tag","embeddable":true,"href":"https:\/\/herramientasdetaller.cl\/index.php\/wp-json\/wp\/v2\/product_tag?post=5020"}],"curies":[{"name":"wp","href":"https:\/\/api.w.org\/{rel}","templated":true}]}}