{"id":5266,"date":"2026-03-06T11:32:58","date_gmt":"2026-03-06T11:32:58","guid":{"rendered":"https:\/\/herramientasdetaller.cl\/?post_type=product&#038;p=5266"},"modified":"2026-03-06T11:32:58","modified_gmt":"2026-03-06T11:32:58","slug":"cortador-con-cuchilla-con-repuestos","status":"publish","type":"product","link":"https:\/\/herramientasdetaller.cl\/index.php\/product\/cortador-con-cuchilla-con-repuestos\/","title":{"rendered":"cortador con cuchilla  &#8211; con repuestos"},"content":{"rendered":"<ul class=\"frame-desc-text body-small\">\n<li><span dir=\"auto\">Dise\u00f1o plegable para m\u00e1xima seguridad de transporte y almacenamiento.<\/span><\/li>\n<li><span dir=\"auto\">Multifuncional, excelente para una amplia gama de aplicaciones t\u00e9cnicas y econ\u00f3micas.<\/span><\/li>\n<li><span dir=\"auto\">Cuerpo fabricado en aluminio duradero y coloreado, lo que garantiza una larga vida \u00fatil de la herramienta.<\/span><\/li>\n<li><span dir=\"auto\">Compatible con hojas trapezoidales est\u00e1ndar, lo que facilita el reemplazo de hojas y la disponibilidad de piezas.<\/span><\/li>\n<li><span dir=\"auto\">Un bloqueo seguro de la hoja garantiza estabilidad y precisi\u00f3n durante el corte.<\/span><\/li>\n<li><span dir=\"auto\">Viene con hojas de acero SK5 de repuesto<\/span><\/li>\n<li><span dir=\"auto\">El dise\u00f1o ergon\u00f3mico proporciona un agarre c\u00f3modo y seguro.<\/span><\/li>\n<\/ul>\n","protected":false},"excerpt":{"rendered":"<p><img loading=\"lazy\" decoding=\"async\" class=\"alignnone  wp-image-2196\" src=\"https:\/\/herramientasdetaller.cl\/wp-content\/uploads\/2021\/09\/YATO-300x263.jpg\" alt=\"\" width=\"162\" height=\"142\" srcset=\"https:\/\/herramientasdetaller.cl\/wp-content\/uploads\/2021\/09\/YATO-300x263.jpg 300w, https:\/\/herramientasdetaller.cl\/wp-content\/uploads\/2021\/09\/YATO-510x446.jpg 510w, https:\/\/herramientasdetaller.cl\/wp-content\/uploads\/2021\/09\/YATO-64x56.jpg 64w, https:\/\/herramientasdetaller.cl\/wp-content\/uploads\/2021\/09\/YATO-400x350.jpg 400w, https:\/\/herramientasdetaller.cl\/wp-content\/uploads\/2021\/09\/YATO-600x525.jpg 600w, https:\/\/herramientasdetaller.cl\/wp-content\/uploads\/2021\/09\/YATO.jpg 640w\" sizes=\"auto, (max-width: 162px) 100vw, 162px\" \/><\/p>\n","protected":false},"featured_media":5267,"comment_status":"open","ping_status":"closed","template":"","meta":{"_joinchat":[]},"product_brand":[],"product_cat":[108,403],"product_tag":[1317,170,1403,1404],"class_list":{"0":"post-5266","1":"product","2":"type-product","3":"status-publish","4":"has-post-thumbnail","6":"product_cat-herramientas-manuales","7":"product_cat-yato","8":"product_tag-cortador","9":"product_tag-yato","10":"product_tag-yt-7532","11":"product_tag-yt7532","13":"first","14":"instock","15":"shipping-taxable","16":"purchasable","17":"product-type-simple"},"_links":{"self":[{"href":"https:\/\/herramientasdetaller.cl\/index.php\/wp-json\/wp\/v2\/product\/5266","targetHints":{"allow":["GET"]}}],"collection":[{"href":"https:\/\/herramientasdetaller.cl\/index.php\/wp-json\/wp\/v2\/product"}],"about":[{"href":"https:\/\/herramientasdetaller.cl\/index.php\/wp-json\/wp\/v2\/types\/product"}],"replies":[{"embeddable":true,"href":"https:\/\/herramientasdetaller.cl\/index.php\/wp-json\/wp\/v2\/comments?post=5266"}],"wp:featuredmedia":[{"embeddable":true,"href":"https:\/\/herramientasdetaller.cl\/index.php\/wp-json\/wp\/v2\/media\/5267"}],"wp:attachment":[{"href":"https:\/\/herramientasdetaller.cl\/index.php\/wp-json\/wp\/v2\/media?parent=5266"}],"wp:term":[{"taxonomy":"product_brand","embeddable":true,"href":"https:\/\/herramientasdetaller.cl\/index.php\/wp-json\/wp\/v2\/product_brand?post=5266"},{"taxonomy":"product_cat","embeddable":true,"href":"https:\/\/herramientasdetaller.cl\/index.php\/wp-json\/wp\/v2\/product_cat?post=5266"},{"taxonomy":"product_tag","embeddable":true,"href":"https:\/\/herramientasdetaller.cl\/index.php\/wp-json\/wp\/v2\/product_tag?post=5266"}],"curies":[{"name":"wp","href":"https:\/\/api.w.org\/{rel}","templated":true}]}}